 0 - 3. Calculate y(1).
-8
Suppose -j = 4 + 1. Let p(g) be the third derivative of g**5/60 + g**4/6 - 19*g**3/2 - 16*g**2 + 9*g. Let a(n) be the first derivative of p(n). Calculate a(j).
-6
Let b(d) = -93 - 2*d**3 + 3*d**2 + 5*d**3 + 90 + 0*d + 2*d - 5*d**3. What is b(2)?
-3
Let s(i) = -11*i**2 + i - 11. Let m(w) = 5*w**2 + 5. Let f(h) = -9*m(h) - 4*s(h). Let n(g) = g**3 + 15*g**2 - 16*g - 3. Let v be n(-16). Determine f(v).
2
Let d(q) = -q**3 + 24*q**2 + 27*q - 52. Let x be d(25). Let p be 7 - (1 + x - -2). Let l(o) = o**2 - 8*o + 8. Calculate l(p).
-4
Let j(f) = -3*f**3 + 62*f**2 + 43*f - 96. Let t(o) = o**3 - 20*o**2 - 14*o + 31. Let r(g) = 8*j(g) + 25*t(g). What is r(5)?
2
Let w(i) = -i**3 + 4*i**2 + 11*i - 24. Suppose 17*u + 6 = 53*u - 33*u. Determine w(u).
6
Let x(z) = 1 - 4 + z - 3*z**2 + 4*z**2 + 2*z**2 - 4*z. Let m be (28/35)/((-2)/(-5)). Let k be (3/m)/((-1)/(-2)). Calculate x(k).
15
Suppose 0 = -2*n + 3*p + 11, 0 = n - 5*p + 145 - 161. Let w(q) = -87*q - 2. What is w(n)?
-89
Suppose 0 = 2*f - 107 + 103. Let r(h) = -2*h**f - 2*h + 0*h**2 + 6*h**2 + 4*h**2 + 5 + h**3. Suppose 5*d + 21 = -19. Give r(d).
21
Let p(t) = -t - 248*t**3 + 10*t**2 + 95*t**3 + 155*t**3. What is p(-5)?
5
Let v(j) = -j**2 - 7*j - 3. Let r be v(-6). Let x(f) be the third derivative of -f**5/60 + f**3/3 - 26*f**2 + 8*f. Determine x(r).
-7
Let g be (-3 + 0)*(-46)/69. Let f(i) = -8*i**2 + 47 - 46 - i + 9*i**g + 15*i**2. Determine f(1).
16
Let p(o) be the third derivative of -o**7/1260 + o**6/120 + o**5/24 + 13*o**4/6 - 2*o**2 + 2*o. Let b(y) be the second derivative of p(y). Give b(5).
-15
Let u(t) = 2*t + 36. Let j(q) = q**2 - 161. Let r be j(-12). What is u(r)?
2
Let y(p) = -23*p**3 - 30*p**2 - 22*p - 32. Let f(x) = 52*x**3 + 61*x**2 + 43*x + 63. Let k(q) = -4*f(q) - 9*y(q). Determine k(27).
9
Let v(w) = -43*w - 167. Let m = 11364 + -11368. Give v(m).
5
Let b(t) = -7*t - 1. Let h = -29 - -229. Let w = 202 - h. Determine b(w).
-15
Let a(g) be the second derivative of g**4/6 - 43*g**3/6 - 121*g**2/2 + 23*g - 4. Calculate a(24).
-1
Let u(i) = 18*i. Let w be 92 + -9 + (5 - 0). Let k be -2*(6 - w/16). Give u(k).
-18
Suppose 32 = 26*k - 15 - 5. Let w(x) = 11*x + 1. Determine w(k).
23
Suppose 6*f - 8*f + 8 = 0. Let w(r) = 7 - f*r - r**3 - 9 - 2 - 7*r**2. Give w(-6).
-16
Let c be (-38)/57*6 - 3/(-3). Let z(d) = -37*d - 17. Calculate z(c).
94
Let l(i) = -4*i + 11. Let v(r) be the first derivative of 5*r**2/2 - 13*r + 8. Let x(j) = 7*l(j) + 6*v(j). Determine x(-5).
-11
Let r(y) = y**3 + 2*y**2 - y + 2. Let g(o) = o**3 - 4*o**2 - 6*o + 2. Suppose 2*f = 3*f - 36. Suppose -f*v = -34*v - 10. Let q be g(v). Give r(q).
-4
Let q(x) = x**3 - 6*x**2 + 6*x - 7. Let z(i) be the third derivative of i**6/120 - i**5/4 + 41*i**4/24 - 9*i**3 + 21*i**2 + 2. Let s be z(12). Give q(s).
29
Suppose -5*i + 10*i + 3*n - 9 = 0, 4*n - 12 = -2*i. Suppose x + i = 6. Let f(a) = 3*a**2 + 3*a**2 + 1 - a**3 + 1 - 7. What is f(x)?
-5
Let r(o) be the first derivative of 0*o - 1/4*o**4 - 3*o**3 - 9/2*o**2 + 2. Let x(n) = n**3 - 39*n**2 - 55*n + 592. Let t be x(40). What is r(t)?
8
Let j(q) = -q**3 - 34*q**2 - 9*q + 9. Let i(v) = -v**3 - 30*v**2 - 8*v + 7. Let d(x) = -7*i(x) + 6*j(x). What is d(-6)?
-7
Let p(q) be the second derivative of 8*q + 1/2*q**3 - 1/10*q**5 + 1/6*q**4 - 3/2*q**2 + 0. Suppose 24*y - 36*y = -24. Give p(y).
-5
Let t(b) = b**2 + 21*b + 109. Suppose 3*u - g = -38, 1434 = -4*u - 4*g + 1378. Calculate t(u).
5
Let l(p) be the third derivative of 7*p**4/24 - 8*p**2. Let b be ((-30)/(-12))/(-1 - (-49)/84). Calculate l(b).
-42
Let j(r) = -4*r**3 + 11*r**2 - 13*r + 2. Let s(u) = 9*u**3 - 22*u**2 + 20*u - 4. Let o(f) = 7*j(f) + 3*s(f). Determine o(6).
-4
Let r(s) = 6*s**2 + 4*s - 5. Let b be r(1). Let n(z) = -23*z + 117. Determine n(b).
2
Let w(t) = -t**2 + t + 4. Let r = -53 - -56. Let q be (1/r)/(2/12). Let m be -2*(4 + 0 - 5/q). What is w(m)?
-8
Let j(h) = h**2 + 11*h - 2. Let y = -359 + 716. Let a = y - 367. Determine j(a).
-12
Let p(d) = -d**3 - d**2 + 4*d - 5. Let l(c) = c**2 - c + 1. Let q be (-10)/60 - 170/(-12). Let o be 78/q - 15/(-35). Let v(j) = o*l(j) + p(j). Determine v(4).
9
Let i(f) = 2*f**2 - 2*f + 2. Let y(l) = 0*l - l**2 + 3*l**2 + 0*l**2 - l. Let d(a) = -i(a) + 2*y(a). Calculate d(-3).
16
Let h(u) = -7*u**2 + 2*u. Let z(i) = -43*i**2 + 14*i + 99. Let n(l) = 6*h(l) - z(l). Calculate n(-9).
0
Let y be -4*(182*2/16 - 4). Let f = -72 - y. Let g(z) = 0*z**2 - z**2 + 0*z + 59*z**f - 58*z**3 + z + 1. Determine g(-1).
-2
Let n(r) = -8*r**3 + 207*r**2 + 20*r - 7. Let z(f) = -9*f**3 + 231*f**2 + 20*f - 6. Let m(i) = -10*n(i) + 9*z(i). Calculate m(6).
4
Let g(d) = -d**3 - 14*d**2 - 69*d - 2. Let b(t) = t**2 + t. Let q(p) = 4*b(p) - g(p). What is q(-6)?
-4
Let n be (1 - 6)*(0 + -1). Let a(y) = -4*y + 16 + n*y + 4*y - 6*y. Let g be a(14). Let s(h) = h**2 - 3*h + 2. Calculate s(g).
0
Let p(a) = -2*a + a**2 - a - 3*a + 3. Suppose -439*q - 1716 = -451*q. Let n = q + -138. What is p(n)?
-2
Let c(v) = 9*v**2 - 36*v + 41. Let m be c(3). Let d(x) = x**2 - 18*x + 56. Determine d(m).
0
Let r be 1/(2214/312 + -7) - 18/(-30). Let q(j) = -j**3 + 12*j**2 - 7*j - 50. Determine q(r).
-6
Let m(d) = 76*d - 1. Let c = -22602 - -22601. Calculate m(c).
-77
Suppose 3*r + 6 - 3 = 0, z = r - 12. Let q(o) = 4*o**3 - 5*o**2 - 2*o - 1. Let k(g) = 13*g**3 - g**2 + 6*g + 6. Let f(x) = -k(x) + 3*q(x). What is f(z)?
-22
Let y(j) = j**2 + 6*j - 5. Let b be y(-5). Let c(i) = 42*i + 42*i - 131*i - 18 + 46*i + 14. Determine c(b).
6
Let d(g) = 13356*g**3 - 13355*g**3 + 3 - 15*g - 13*g**2 + 9. Calculate d(14).
-2
Let g(j) = j**3 + 158*j**2 - 156*j + 475. Let k be g(-159). Let s(b) = -2*b**2 - 17*b - 2. Let d(h) = -h**2 - 9*h - 1. Let f(i) = -11*d(i) + 6*s(i). Give f(k).
1
Let m(v) = 23*v + 1. Let l be 26 + -25 - (0 + 1). Suppose -12*y + l*y - 12 = 0. Give m(y).
-22
Suppose -4*v = -2*v - 46. Let r = 64 - v. Let y = -40 + r. Let n(o) = o**3 - o**2 + 2*o - 1. Calculate n(y).
1
Suppose 0 = 13*b - 28*b - 105. Let w(g) = -g**3 - 7*g**2 - 3*g - 5. Determine w(b).
16
Let v = -1143 - -1150. Let n(b) = -3*b + 30. Calculate n(v).
9
Let l(r) = -28853*r**2 + 0*r - 7 + r**3 + 28877*r**2 + r. Give l(-24).
-31
Suppose 312*d + 250 = -62. Let f(n) = -4*n + 1. Determine f(d).
5
Let g(f) = f**3 + 2*f**2 - 2*f - 4. Let z(m) = 10*m + 77. Let r(l) = 16*l - 88. Let d be r(5). Let w be z(d). What is g(w)?
-7
Suppose -13916*v + 299 = -13939*v. Let z(h) = -h**3 - 15*h**2 - 22*h + 44. Give z(v).
-8
Let i = -6 - -8. Let l = 9 - i. Let a(k) = l + 27*k - 28*k + 1. What is a(7)?
1
Let o(i) = i**3 + 26*i**2 + 33*i + 1618. Let c be o(-27). Let v(r) = 43*r + 9. Determine v(c).
-77
Let n be 2 - ((-72)/96 - (-6)/8). Let f(q) = -q**3 + q**2 + 3*q**2 - 12*q + 8*q**n + 2*q**3 - 105 + 116. Calculate f(-13).
-2
Let f be (-6 - 0 - 47)/(3/(-6)). Let b(x) = -105 - 2*x + 300 - f - 103. What is b(-12)?
10
Let a(t) be the third derivative of -t**4/12 + 5*t**3/6 + 96*t**2 - 2. Give a(11).
-17
Let r = -11 + 4. Let s = -644 - -649. Let q(z) = 2*z**2 + 16*z + 29. Let y(v) = 3*v**2 + 24*v + 42. Let t(h) = s*y(h) - 7*q(h). Determine t(r).
0
Let u(t) = -7*t - 3. Let j(x) = -63*x + 48. Let z(b) = -j(b) + 8*u(b). What is z(11)?
5
Let o(p) be the second derivative of p**5/20 - p**4/3 - 7*p**3/6 + 5*p**2/2 + 2*p. Let s = 224 + -64. Let t be ((s/6)/8)/(2/3). Determine o(t).
-5
Let y be (6 + 168/10)/((-6)/(-15)). Suppose 2*v = 4*f + 7*v - y, 5*v = 25. Let x(t) = t**3 - 9*t**2 + 8*t - 2. What is x(f)?
-2
Let r(y) = -3*y**3 - 15 + 1 + 24*y**2 + 2*y**3 - 38 + 27*y. Calculate r(25).
-2
Let m(q) be the third derivative of -q**6/120 - q**5/10 + q**4/24 - q**3/2 + 49933*q**2. Let g = -3 - 3. Determine m(g).
-9
Let h(f) = 820 - 5*f - 1284 + 688. Determine h(41).
19
Let a(w) = -13*w - 594*w**2 + 11 + 165*w**2 + 251*w**2 + 164*w**2 - w**3. Calculate a(-13).
11
Suppose -2*m = 4*m - 156. Suppose -4*i + 3*r = -23, 4*i - i = 4*r + m. Let v(l) = 3*l**i + 0*l**2 + 4*l**2 - 6*l**2 - l**3 - 9. Give v(0).
-9
Let a(i) = i**2 - i - 4. Let w(s) = s**3 - 8*s**2 + 28*s - 149. Suppose 78 - 456 = -54*c. Let u be w(c). Give a(u).
2
Let f(u) = -u**2 + 39*u - 239. Let x = -7969 + 8001. Determine f(x).
-15
Let s = 625 + -548. Let m(f) = -151*f**2 + s*f**2 + 78*f**2 - 2*f - 3 + 1. Determine m(4).
54
Let k(j) =